hat are the prime factors of 141267?
3, 7, 31
What are the prime factors of 240317?
7, 11, 3121
What are the prime factors of 1527394?
2, 11, 69427
List the prime factors of 5740818.
2, 3, 59, 16217
List the prime factors of 760662.
2, 3, 7, 6037
List the prime factors of 109387.
109387
List the prime factors of 325628.
2, 127, 641
What are the prime factors of 669158?
2, 7, 47797
List the prime factors of 2635647.
3, 7, 125507
What are the prime factors of 222785?
5, 17, 2621
List the prime factors of 2040574.
2, 59, 17293
List the prime factors of 8977568.
2, 280549
List the prime factors of 15832.
2, 1979
What are the prime factors of 2778034?
2, 7, 31, 37, 173
List the prime factors of 466925.
5, 19, 983
List the prime factors of 20022445.
5, 4004489
List the prime factors of 24332146.
2, 12166073
What are the prime factors of 3613026?
2, 3, 661, 911
List the prime factors of 3945460.
2, 5, 197273
List the prime factors of 525753.
3, 58417
List the prime factors of 8651982.
2, 3, 509, 2833
List the prime factors of 365050.
2, 5, 7, 149
List the prime factors of 2272559.
2272559
List the prime factors of 5936253.
3, 107, 18493
List the prime factors of 2799610.
2, 5, 11, 31, 821
What are the prime factors of 212425?
5, 29, 293
What are the prime factors of 1916612?
2, 479153
List the prime factors of 739566.
2, 3, 181, 227
List the prime factors of 14350343.
7, 269, 7621
List the prime factors of 1452378.
2, 3, 17, 29, 491
What are the prime factors of 49115?
5, 11, 19, 47
List the prime factors of 996716.
2, 7, 35597
List the prime factors of 410766.
2, 3, 223, 307
What are the prime factors of 14250226?
2, 7125113
List the prime factors of 846830.
2, 5, 19, 4457
List the prime factors of 33798.
2, 3, 43, 131
What are the prime factors of 16982146?
2, 8491073
What are the prime factors of 85933?
85933
List the prime factors of 16749290.
2, 5, 23, 72823
What are the prime factors of 1846299?
3, 7, 13, 6763
What are the prime factors of 36464594?
2, 173, 105389
List the prime factors of 180002.
2, 90001
List the prime factors of 1704769.
11, 73, 193
List the prime factors of 10584.
2, 3, 7
What are the prime factors of 1808063?
29, 62347
What are the prime factors of 38384980?
2, 5, 17, 29, 229
What are the prime factors of 1874928?
2, 3, 11, 53, 67
What are the prime factors of 6412853?
631, 10163
List the prime factors of 1877953.
7, 11, 29
What are the prime factors of 3155304?
2, 3, 31, 4241
What are the prime factors of 1945010?
2, 5, 67, 2903
What are the prime factors of 27483266?
2, 67, 317, 647
List the prime factors of 17704293.
3, 17, 347143
What are the prime factors of 5047401?
3, 797, 2111
What are the prime factors of 3111496?
2, 388937
List the prime factors of 361405.
5, 11, 6571
List the prime factors of 27721193.
179, 251, 617
What are the prime factors of 1554337?
47, 33071
What are the prime factors of 4015453?
13, 499, 619
What are the prime factors of 21817035?
3, 5, 17, 19, 79
What are the prime factors of 35824?
2, 2239
List the prime factors of 45642.
2, 3, 7607
List the prime factors of 400436.
2, 100109
What are the prime factors of 1055125?
5, 23, 367
List the prime factors of 108444.
2, 3, 7, 1291
List the prime factors of 10663321.
41, 260081
What are the prime factors of 18404044?
2, 4601011
List the prime factors of 230758.
2, 11, 17, 617
What are the prime factors of 13275330?
2, 3, 5, 29, 15259
What are the prime factors of 11830486?
2, 359, 16477
List the prime factors of 1766777.
47, 37591
What are the prime factors of 477936?
2, 3, 3319
What are the prime factors of 28870821?
3, 7, 487, 941
What are the prime factors of 393163?
109, 3607
List the prime factors of 1094524.
2, 23, 11897
List the prime factors of 12524.
2, 31, 101
List the prime factors of 47444.
2, 29, 409
What are the prime factors of 784266?
2, 3, 7, 71, 263
List the prime factors of 1002602.
2, 31, 103, 157
List the prime factors of 115102.
2, 13, 19, 233
What are the prime factors of 689710?
2, 5, 7, 59, 167
What are the prime factors of 8043896?
2, 7, 379
List the prime factors of 2490669.
3, 97, 317
List the prime factors of 19555066.
2, 17, 19, 30271
What are the prime factors of 921067?
7, 131581
What are the prime factors of 81041?
81041
List the prime factors of 5849259.
3, 13, 83, 139
What are the prime factors of 1739842?
2, 13, 61, 1097
List the prime factors of 6444251.
11, 585841
What are the prime factors of 4243394?
2, 103, 20599
What are the prime factors of 3240594?
2, 3, 7, 8573
List the prime factors of 1110729.
3, 17, 29, 751
List the prime factors of 330125.
5, 19, 139
List the prime factors of 125875.
5, 19, 53
List the prime factors of 493178.
2, 7, 35227
What are the prime factors of 2451632?
2, 73, 2099
List the prime factors of 16534127.
16534127
What are the prime factors of 618058?
2, 7, 131, 337
What are the prime factors of 3821364?
2, 3, 41, 863
What are the prime factors of 331860?
2, 3, 5, 5531
What are the prime factors of 3186487?
113, 163, 173
List the prime factors of 765510.
2, 3, 5, 17, 19, 79
What are the prime factors of 500702?
2, 79, 3169
List the prime factors of 29510.
2, 5, 13, 227
List the prime factors of 10513861.
10513861
List the prime factors of 33996047.
23, 1478089
What are the prime factors of 134785?
5, 7, 3851
List the prime factors of 12774241.
12774241
What are the prime factors of 1684607?
1684607
What are the prime factors of 773361?
3, 28643
What are the prime factors of 1462824?
2, 3, 11, 1847
What are the prime factors of 2836312?
2, 354539
What are the prime factors of 27884285?
5, 11, 13, 59, 661
What are the prime factors of 2930706?
2, 3, 23, 7079
What are the prime factors of 4380066?
2, 3, 43, 5659
List the prime factors of 621559.
67, 9277
List the prime factors of 198886.
2, 277, 359
List the prime factors of 287060.
2, 5, 31, 463
List the prime factors of 276720.
2, 3, 5, 1153
What are the prime factors of 9979274?
2, 4989637
What are the prime factors of 1074141?
3, 89, 149
List the prime factors of 203503.
109, 1867
List the prime factors of 228034.
2, 113, 1009
List the prime factors of 87434.
2, 43717
List the prime factors of 1309254.
2, 3, 31, 7039
List the prime factors of 117658.
2, 89, 661
What are the prime factors of 2829316?
2, 7, 37, 2731
What are the prime factors of 4604256?
2, 3, 73
What are the prime factors of 19185799?
19185799
What are the prime factors of 1166663?
1166663
List the prime factors of 486569.
486569
List the prime factors of 8595510.
2, 3, 5, 7, 11, 61
List the prime factors of 1890064.
2, 11, 10739
What are the prime factors of 16293446?
2, 13, 17, 191, 193
What are the prime factors of 4715079?
3, 43, 36551
List the prime factors of 1193773.
7, 170539
List the prime factors of 503484.
2, 3, 41957
What are the prime factors of 1137838?
2, 13, 107, 409
List the prime factors of 6432140.
2, 5, 11, 13, 173
What are the prime factors of 8206750?
2, 5, 17, 1931
What are the prime factors of 930662?
2, 465331
List the prime factors of 12092750.
2, 5, 48371
List the prime factors of 5577790.
2, 5, 557779
What are the prime factors of 17165463?
3, 7, 817403
What are the prime factors of 21925?
5, 877
What are the prime factors of 99044?
2, 11, 2251
List the prime factors of 204443.
204443
List the prime factors of 11930779.
7, 1704397
List the prime factors of 1235725.
5, 49429
List the prime factors of 1494464.
2, 19, 1229
What are the prime factors of 4149433?
4149433
What are the prime factors of 6540821?
7, 934403
What are the prime factors of 44669?
19, 2351
What are the prime factors of 91348?
2, 41, 557
What are the prime factors of 13645593?
3, 13, 223, 523
List the prime factors of 1688174.
2, 844087
List the prime factors of 1400376.
2, 3, 19, 37, 83
What are the prime factors of 2433636?
2, 3, 67601
List the prime factors of 293086.
2, 146543
What are the prime factors of 3368363?
17, 198139
What are the prime factors of 3167130?
2, 3, 5, 193, 547
List the prime factors of 3229885.
5, 73, 8849
List the prime factors of 340915.
5, 41, 1663
What are the prime factors of 30823128?
2, 3, 7, 23, 2659
List the prime factors of 1402822.
2, 353, 1987
List the prime factors of 353809.
23, 15383
What are the prime factors of 229803?
